{"id":84257,"date":"2026-09-02T14:01:41","date_gmt":"2026-09-02T12:01:41","guid":{"rendered":"https:\/\/magazin.tu-braunschweig.de\/?post_type=kb_events&#038;p=84257"},"modified":"2026-09-02T14:01:41","modified_gmt":"2026-09-02T12:01:41","slug":"responsible-research","status":"publish","type":"kb_events","link":"https:\/\/magazin.tu-braunschweig.de\/en\/event\/responsible-research\/","title":{"rendered":"Responsible Research"},"content":{"rendered":"<p>Die Infoveranstaltung \u201eResponsible Research: im Spannungsfeld von Forschungsfreiheit und gesetzlichem Rahmen\u201c zielt darauf ab, alle Wissenschaftler*innen f\u00fcr ethische Aspekte wie z.B. sicherheitsrelevante internationale Rahmenbedingungen ihrer Arbeit zu sensibilisieren und gleichzeitig die Unterst\u00fctzungsangebote und Strukturen unserer Universit\u00e4t in diesem Kontext zu pr\u00e4sentieren.<br \/>\nResponsible Research ist kein separates Add On, sondern ein integraler Bestandteil jedes wissenschaftlichen Vorhabens. Durch das Aufzeigen von klaren Rahmenbedingungen und Unterst\u00fctzungsangeboten wird sichergestellt, dass ethische und rechtliche Standards nicht nachtr\u00e4glich, sondern von Anfang an in den Forschungsprozess integriert werden k\u00f6nnen.<br \/>\nEs wird eine interdisziplin\u00e4re Diskussionsrunde stattfinden, an der Professorinnen und Professoren aus verschiedenen Fachbereichen teilnehmen. Durch praxisnahe Beispiele soll aufgezeigt werden, wie die Balance zwischen Forschungsfreiheit und den gesetzlichen Vorgaben gewahrt werden kann, ohne die Innovationskraft zu hemmen.<br \/>\nAn einem Stand des Responsible Research Supports des Forschungsservices werden ihre aktuellen Fragen zu ethischen und rechtlichen Aspekten ihrer Forschungst\u00e4tigkeit sowie den Verfahren zum Stellen von Ethikantr\u00e4gen zur ethischen Bewertung und Unterst\u00fctzung an der TU Braunschweig beantwortet.<\/p>\n","protected":false},"featured_media":0,"template":"","meta":{"_acf_changed":false},"class_list":["post-84257","kb_events","type-kb_events","status-publish","hentry","kb_cat_events-infoveranstaltung","kb_institution_events-forschungsservice","kb_location_events-altgebaeude","kb_theme_events-allgemein-und-fachuebergreifend","kb_audience_events-post-docs","kb_audience_events-professorinnen","kb_audience_events-promovierende","kb_audience_events-tu-intern"],"acf":[],"yoast_head":"<!-- This site is optimized with the Yoast SEO plugin v28.4 - https:\/\/yoast.com\/product\/yoast-seo-wordpress\/ -->\n<title>Responsible Research - TU Braunschweig | Blogs<\/title>\n<meta name=\"description\" content=\"Die Infoveranstaltung \u201eResponsible Research: im Spannungsfeld von Forschungsfreiheit und gesetzlichem Rahmen\u201c zielt darauf ab, alle Wissenschaftler*innen\" \/>\n<meta name=\"robots\" content=\"index, follow, max-snippet:-1, max-image-preview:large, max-video-preview:-1\" \/>\n<link rel=\"canonical\" href=\"https:\/\/magazin.tu-braunschweig.de\/event\/responsible-research\/\" \/>\n<meta property=\"og:locale\" content=\"en_US\" \/>\n<meta property=\"og:type\" content=\"article\" \/>\n<meta property=\"og:title\" content=\"Responsible Research - TU Braunschweig | Blogs\" \/>\n<meta property=\"og:description\" content=\"Die Infoveranstaltung \u201eResponsible Research: im Spannungsfeld von Forschungsfreiheit und gesetzlichem Rahmen\u201c zielt darauf ab, alle Wissenschaftler*innen\" \/>\n<meta property=\"og:url\" content=\"https:\/\/magazin.tu-braunschweig.de\/event\/responsible-research\/\" \/>\n<meta property=\"og:site_name\" content=\"TU Braunschweig | Blogs\" \/>\n<meta name=\"twitter:card\" content=\"summary_large_image\" \/>\n<meta name=\"twitter:label1\" content=\"Est. reading time\" \/>\n\t<meta name=\"twitter:data1\" content=\"1 minute\" \/>\n<script type=\"application\/ld+json\" class=\"yoast-schema-graph\">{\"@context\":\"https:\\\/\\\/schema.org\",\"@graph\":[{\"@type\":\"WebPage\",\"@id\":\"https:\\\/\\\/magazin.tu-braunschweig.de\\\/event\\\/responsible-research\\\/\",\"url\":\"https:\\\/\\\/magazin.tu-braunschweig.de\\\/event\\\/responsible-research\\\/\",\"name\":\"Responsible Research - TU Braunschweig | Blogs\",\"isPartOf\":{\"@id\":\"https:\\\/\\\/magazin.tu-braunschweig.de\\\/#website\"},\"datePublished\":\"2026-09-02T12:01:41+00:00\",\"description\":\"Die Infoveranstaltung \u201eResponsible Research: im Spannungsfeld von Forschungsfreiheit und gesetzlichem Rahmen\u201c zielt darauf ab, alle Wissenschaftler*innen\",\"breadcrumb\":{\"@id\":\"https:\\\/\\\/magazin.tu-braunschweig.de\\\/event\\\/responsible-research\\\/#breadcrumb\"},\"inLanguage\":\"en-US\",\"potentialAction\":[{\"@type\":\"ReadAction\",\"target\":[\"https:\\\/\\\/magazin.tu-braunschweig.de\\\/event\\\/responsible-research\\\/\"]}]},{\"@type\":\"BreadcrumbList\",\"@id\":\"https:\\\/\\\/magazin.tu-braunschweig.de\\\/event\\\/responsible-research\\\/#breadcrumb\",\"itemListElement\":[{\"@type\":\"ListItem\",\"position\":1,\"name\":\"Startseite\",\"item\":\"https:\\\/\\\/magazin.tu-braunschweig.de\\\/en\\\/\"},{\"@type\":\"ListItem\",\"position\":2,\"name\":\"Veranstaltungen\",\"item\":\"https:\\\/\\\/magazin.tu-braunschweig.de\\\/event\\\/\"},{\"@type\":\"ListItem\",\"position\":3,\"name\":\"Responsible Research\"}]},{\"@type\":\"WebSite\",\"@id\":\"https:\\\/\\\/magazin.tu-braunschweig.de\\\/#website\",\"url\":\"https:\\\/\\\/magazin.tu-braunschweig.de\\\/\",\"name\":\"TU Braunschweig | Blogs\",\"description\":\"Die Blogs der Technischen Universit\u00e4t Braunschweig\",\"potentialAction\":[{\"@type\":\"SearchAction\",\"target\":{\"@type\":\"EntryPoint\",\"urlTemplate\":\"https:\\\/\\\/magazin.tu-braunschweig.de\\\/?s={search_term_string}\"},\"query-input\":{\"@type\":\"PropertyValueSpecification\",\"valueRequired\":true,\"valueName\":\"search_term_string\"}}],\"inLanguage\":\"en-US\"}]}<\/script>\n<!-- \/ Yoast SEO plugin. -->","yoast_head_json":{"title":"Responsible Research - TU Braunschweig | Blogs","description":"Die Infoveranstaltung \u201eResponsible Research: im Spannungsfeld von Forschungsfreiheit und gesetzlichem Rahmen\u201c zielt darauf ab, alle Wissenschaftler*innen","robots":{"index":"index","follow":"follow","max-snippet":"max-snippet:-1","max-image-preview":"max-image-preview:large","max-video-preview":"max-video-preview:-1"},"canonical":"https:\/\/magazin.tu-braunschweig.de\/event\/responsible-research\/","og_locale":"en_US","og_type":"article","og_title":"Responsible Research - TU Braunschweig | Blogs","og_description":"Die Infoveranstaltung \u201eResponsible Research: im Spannungsfeld von Forschungsfreiheit und gesetzlichem Rahmen\u201c zielt darauf ab, alle Wissenschaftler*innen","og_url":"https:\/\/magazin.tu-braunschweig.de\/event\/responsible-research\/","og_site_name":"TU Braunschweig | Blogs","twitter_card":"summary_large_image","twitter_misc":{"Est. reading time":"1 minute"},"schema":{"@context":"https:\/\/schema.org","@graph":[{"@type":"WebPage","@id":"https:\/\/magazin.tu-braunschweig.de\/event\/responsible-research\/","url":"https:\/\/magazin.tu-braunschweig.de\/event\/responsible-research\/","name":"Responsible Research - TU Braunschweig | Blogs","isPartOf":{"@id":"https:\/\/magazin.tu-braunschweig.de\/#website"},"datePublished":"2026-09-02T12:01:41+00:00","description":"Die Infoveranstaltung \u201eResponsible Research: im Spannungsfeld von Forschungsfreiheit und gesetzlichem Rahmen\u201c zielt darauf ab, alle Wissenschaftler*innen","breadcrumb":{"@id":"https:\/\/magazin.tu-braunschweig.de\/event\/responsible-research\/#breadcrumb"},"inLanguage":"en-US","potentialAction":[{"@type":"ReadAction","target":["https:\/\/magazin.tu-braunschweig.de\/event\/responsible-research\/"]}]},{"@type":"BreadcrumbList","@id":"https:\/\/magazin.tu-braunschweig.de\/event\/responsible-research\/#breadcrumb","itemListElement":[{"@type":"ListItem","position":1,"name":"Startseite","item":"https:\/\/magazin.tu-braunschweig.de\/en\/"},{"@type":"ListItem","position":2,"name":"Veranstaltungen","item":"https:\/\/magazin.tu-braunschweig.de\/event\/"},{"@type":"ListItem","position":3,"name":"Responsible Research"}]},{"@type":"WebSite","@id":"https:\/\/magazin.tu-braunschweig.de\/#website","url":"https:\/\/magazin.tu-braunschweig.de\/","name":"TU Braunschweig | Blogs","description":"Die Blogs der Technischen Universit\u00e4t Braunschweig","potentialAction":[{"@type":"SearchAction","target":{"@type":"EntryPoint","urlTemplate":"https:\/\/magazin.tu-braunschweig.de\/?s={search_term_string}"},"query-input":{"@type":"PropertyValueSpecification","valueRequired":true,"valueName":"search_term_string"}}],"inLanguage":"en-US"}]}},"_links":{"self":[{"href":"https:\/\/magazin.tu-braunschweig.de\/en\/wp-json\/wp\/v2\/kb_events\/84257","targetHints":{"allow":["GET"]}}],"collection":[{"href":"https:\/\/magazin.tu-braunschweig.de\/en\/wp-json\/wp\/v2\/kb_events"}],"about":[{"href":"https:\/\/magazin.tu-braunschweig.de\/en\/wp-json\/wp\/v2\/types\/kb_events"}],"wp:attachment":[{"href":"https:\/\/magazin.tu-braunschweig.de\/en\/wp-json\/wp\/v2\/media?parent=84257"}],"curies":[{"name":"wp","href":"https:\/\/api.w.org\/{rel}","templated":true}]}}

<p>Die Infoveranstaltung „Responsible Research: im Spannungsfeld von Forschungsfreiheit und gesetzlichem Rahmen“ zielt darauf ab, alle Wissenschaftler*innen für ethische Aspekte wie z.B. sicherheitsrelevante internationale Rahmenbedingungen ihrer Arbeit zu sensibilisieren und gleichzeitig die Unterstützungsangebote und Strukturen unserer Universität in diesem Kontext zu präsentieren.<br />
Responsible Research ist kein separates Add On, sondern ein integraler Bestandteil jedes wissenschaftlichen Vorhabens. Durch das Aufzeigen von klaren Rahmenbedingungen und Unterstützungsangeboten wird sichergestellt, dass ethische und rechtliche Standards nicht nachträglich, sondern von Anfang an in den Forschungsprozess integriert werden können.<br />
Es wird eine interdisziplinäre Diskussionsrunde stattfinden, an der Professorinnen und Professoren aus verschiedenen Fachbereichen teilnehmen. Durch praxisnahe Beispiele soll aufgezeigt werden, wie die Balance zwischen Forschungsfreiheit und den gesetzlichen Vorgaben gewahrt werden kann, ohne die Innovationskraft zu hemmen.<br />
An einem Stand des Responsible Research Supports des Forschungsservices werden ihre aktuellen Fragen zu ethischen und rechtlichen Aspekten ihrer Forschungstätigkeit sowie den Verfahren zum Stellen von Ethikanträgen zur ethischen Bewertung und Unterstützung an der TU Braunschweig beantwortet.</p>

<!-- This site is optimized with the Yoast SEO plugin v28.4 - https://yoast.com/product/yoast-seo-wordpress/ -->
<title>Responsible Research - TU Braunschweig | Blogs</title>
<meta name="description" content="Die Infoveranstaltung „Responsible Research: im Spannungsfeld von Forschungsfreiheit und gesetzlichem Rahmen“ zielt darauf ab, alle Wissenschaftler*innen" />
<meta name="robots" content="index, follow, max-snippet:-1, max-image-preview:large, max-video-preview:-1" />
<link rel="canonical" href="https://magazin.tu-braunschweig.de/event/responsible-research/" />
<meta property="og:locale" content="en_US" />
<meta property="og:type" content="article" />
<meta property="og:title" content="Responsible Research - TU Braunschweig | Blogs" />
<meta property="og:description" content="Die Infoveranstaltung „Responsible Research: im Spannungsfeld von Forschungsfreiheit und gesetzlichem Rahmen“ zielt darauf ab, alle Wissenschaftler*innen" />
<meta property="og:url" content="https://magazin.tu-braunschweig.de/event/responsible-research/" />
<meta property="og:site_name" content="TU Braunschweig | Blogs" />
<meta name="twitter:card" content="summary_large_image" />
<meta name="twitter:label1" content="Est. reading time" />
	<meta name="twitter:data1" content="1 minute" />
<script type="application/ld+json" class="yoast-schema-graph">{"@context":"https:\/\/schema.org","@graph":[{"@type":"WebPage","@id":"https:\/\/magazin.tu-braunschweig.de\/event\/responsible-research\/","url":"https:\/\/magazin.tu-braunschweig.de\/event\/responsible-research\/","name":"Responsible Research - TU Braunschweig | Blogs","isPartOf":{"@id":"https:\/\/magazin.tu-braunschweig.de\/#website"},"datePublished":"2026-09-02T12:01:41+00:00","description":"Die Infoveranstaltung „Responsible Research: im Spannungsfeld von Forschungsfreiheit und gesetzlichem Rahmen“ zielt darauf ab, alle Wissenschaftler*innen","breadcrumb":{"@id":"https:\/\/magazin.tu-braunschweig.de\/event\/responsible-research\/#breadcrumb"},"inLanguage":"en-US","potentialAction":[{"@type":"ReadAction","target":["https:\/\/magazin.tu-braunschweig.de\/event\/responsible-research\/"]}]},{"@type":"BreadcrumbList","@id":"https:\/\/magazin.tu-braunschweig.de\/event\/responsible-research\/#breadcrumb","itemListElement":[{"@type":"ListItem","position":1,"name":"Startseite","item":"https:\/\/magazin.tu-braunschweig.de\/en\/"},{"@type":"ListItem","position":2,"name":"Veranstaltungen","item":"https:\/\/magazin.tu-braunschweig.de\/event\/"},{"@type":"ListItem","position":3,"name":"Responsible Research"}]},{"@type":"WebSite","@id":"https:\/\/magazin.tu-braunschweig.de\/#website","url":"https:\/\/magazin.tu-braunschweig.de\/","name":"TU Braunschweig | Blogs","description":"Die Blogs der Technischen Universität Braunschweig","potentialAction":[{"@type":"SearchAction","target":{"@type":"EntryPoint","urlTemplate":"https:\/\/magazin.tu-braunschweig.de\/?s={search_term_string}"},"query-input":{"@type":"PropertyValueSpecification","valueRequired":true,"valueName":"search_term_string"}}],"inLanguage":"en-US"}]}</script>
<!-- / Yoast SEO plugin. -->

Die Blogs der Technischen Universität Braunschweig
