{"id":84203,"date":"2026-09-01T14:34:13","date_gmt":"2026-09-01T12:34:13","guid":{"rendered":"https:\/\/magazin.tu-braunschweig.de\/?post_type=kb_events&#038;p=84203"},"modified":"2026-09-01T14:34:13","modified_gmt":"2026-09-01T12:34:13","slug":"duett-felix-mayer-und-max-steckel","status":"publish","type":"kb_events","link":"https:\/\/magazin.tu-braunschweig.de\/en\/event\/duett-felix-mayer-und-max-steckel\/","title":{"rendered":"Duett: Felix Mayer und Max Steckel"},"content":{"rendered":"<p>Im Duettformat des Science and Art Lab sprechen ein*e K\u00fcnstler*in und ein*e Wissenschaftler*in \u00fcber ihre Art zu forschen und denken \u00fcber Gemeinsamkeiten und Unterschiede nach.<\/p>\n<p>Felix Mayer ist Posaunist und studiert in der Klasse von Jens Brand an der HBK Braunschweig. Ausgehend von Alltagsgegenst\u00e4nden und r\u00e4umlichen Situationen entwickelt er ortsspezifische Arbeiten zwischen Klanginstallation, H\u00f6rspiel und Komposition. Oft arbeitet er mit K\u00fcnstler*innen aus Literatur, Tanz und Performance zusammen.<\/p>\n<p>Max Steckel studiert Wirtschaftsingenieurswesen Elektrotechnik an der TU Braunschweig. Er ist erweitertes Vorstandsmitglied der ExperimentalRaumfahrt-Interessen-Gemeinschaft e.V. (ERIG) und Projektleiter des j\u00fcngsten REXUS-Experiments MARTINI. MARTINI untersuchte die Viskosit\u00e4t von 3D-Druck-Resin (Kunstharz) unter Schwerelosigkeit w\u00e4hrend eines Fluges auf einer H\u00f6henforschungsrakete.<\/p>\n","protected":false},"featured_media":84204,"template":"","meta":{"_acf_changed":false},"class_list":["post-84203","kb_events","type-kb_events","status-publish","has-post-thumbnail","hentry","kb_cat_events-diskussion","kb_cat_events-vortrag","kb_cat_events-weiterbildung","kb_institution_events-science-art-lab","kb_location_events-wissenschaftsschaufenster","kb_theme_events-allgemein-und-fachuebergreifend","kb_theme_events-elektrotechnik-informationstechnik-physik","kb_theme_events-geistes-und-erziehungswissenschaften","kb_theme_events-mathematik-informatik-wirtschaftswissenschaften-sozialwissenschaften","kb_theme_events-musik-kultur-freizeit-sport","kb_audience_events-alumni","kb_audience_events-fachpublikum","kb_audience_events-fuehrungspersonen","kb_audience_events-interessierte","kb_audience_events-kinder-familien","kb_audience_events-lehrende","kb_audience_events-lehrerinnen-und-lehrer","kb_audience_events-post-docs","kb_audience_events-professorinnen","kb_audience_events-promovierende","kb_audience_events-schuelerinnen-und-schueler","kb_audience_events-studieninteressierte","kb_audience_events-studierende","kb_audience_events-tu-intern","kb_audience_events-verwaltungskraefte","kb_groups_events-science-and-art-lab-im-wissenschaftsschaufenster-der-forschungregion-e-v"],"acf":[],"yoast_head":"<!-- This site is optimized with the Yoast SEO plugin v28.4 - https:\/\/yoast.com\/product\/yoast-seo-wordpress\/ -->\n<title>Duett: Felix Mayer und Max Steckel - TU Braunschweig | Blogs<\/title>\n<meta name=\"description\" content=\"Im Duettformat des Science and Art Lab sprechen ein*e K\u00fcnstler*in und ein*e Wissenschaftler*in \u00fcber ihre Art zu forschen und denken \u00fcber Gemeinsamkeiten\" \/>\n<meta name=\"robots\" content=\"index, follow, max-snippet:-1, max-image-preview:large, max-video-preview:-1\" \/>\n<link rel=\"canonical\" href=\"https:\/\/magazin.tu-braunschweig.de\/event\/duett-felix-mayer-und-max-steckel\/\" \/>\n<meta property=\"og:locale\" content=\"en_US\" \/>\n<meta property=\"og:type\" content=\"article\" \/>\n<meta property=\"og:title\" content=\"Duett: Felix Mayer und Max Steckel - TU Braunschweig | Blogs\" \/>\n<meta property=\"og:description\" content=\"Im Duettformat des Science and Art Lab sprechen ein*e K\u00fcnstler*in und ein*e Wissenschaftler*in \u00fcber ihre Art zu forschen und denken \u00fcber Gemeinsamkeiten\" \/>\n<meta property=\"og:url\" content=\"https:\/\/magazin.tu-braunschweig.de\/event\/duett-felix-mayer-und-max-steckel\/\" \/>\n<meta property=\"og:site_name\" content=\"TU Braunschweig | Blogs\" \/>\n<meta property=\"og:image\" content=\"https:\/\/magazin.tu-braunschweig.de\/wp-content\/uploads\/2026\/09\/2026-09-01_6a96ab17cd99e_AuenansichtBeschriftung_VA-Kalender_final.jpg\" \/>\n\t<meta property=\"og:image:width\" content=\"1920\" \/>\n\t<meta property=\"og:image:height\" content=\"1280\" \/>\n\t<meta property=\"og:image:type\" content=\"image\/jpeg\" \/>\n<meta name=\"twitter:card\" content=\"summary_large_image\" \/>\n<meta name=\"twitter:label1\" content=\"Est. reading time\" \/>\n\t<meta name=\"twitter:data1\" content=\"1 minute\" \/>\n<script type=\"application\/ld+json\" class=\"yoast-schema-graph\">{\"@context\":\"https:\\\/\\\/schema.org\",\"@graph\":[{\"@type\":\"WebPage\",\"@id\":\"https:\\\/\\\/magazin.tu-braunschweig.de\\\/event\\\/duett-felix-mayer-und-max-steckel\\\/\",\"url\":\"https:\\\/\\\/magazin.tu-braunschweig.de\\\/event\\\/duett-felix-mayer-und-max-steckel\\\/\",\"name\":\"Duett: Felix Mayer und Max Steckel - TU Braunschweig | Blogs\",\"isPartOf\":{\"@id\":\"https:\\\/\\\/magazin.tu-braunschweig.de\\\/#website\"},\"primaryImageOfPage\":{\"@id\":\"https:\\\/\\\/magazin.tu-braunschweig.de\\\/event\\\/duett-felix-mayer-und-max-steckel\\\/#primaryimage\"},\"image\":{\"@id\":\"https:\\\/\\\/magazin.tu-braunschweig.de\\\/event\\\/duett-felix-mayer-und-max-steckel\\\/#primaryimage\"},\"thumbnailUrl\":\"https:\\\/\\\/magazin.tu-braunschweig.de\\\/wp-content\\\/uploads\\\/2026\\\/09\\\/2026-09-01_6a96ab17cd99e_AuenansichtBeschriftung_VA-Kalender_final.jpg\",\"datePublished\":\"2026-09-01T12:34:13+00:00\",\"description\":\"Im Duettformat des Science and Art Lab sprechen ein*e K\u00fcnstler*in und ein*e Wissenschaftler*in \u00fcber ihre Art zu forschen und denken \u00fcber Gemeinsamkeiten\",\"breadcrumb\":{\"@id\":\"https:\\\/\\\/magazin.tu-braunschweig.de\\\/event\\\/duett-felix-mayer-und-max-steckel\\\/#breadcrumb\"},\"inLanguage\":\"en-US\",\"potentialAction\":[{\"@type\":\"ReadAction\",\"target\":[\"https:\\\/\\\/magazin.tu-braunschweig.de\\\/event\\\/duett-felix-mayer-und-max-steckel\\\/\"]}]},{\"@type\":\"ImageObject\",\"inLanguage\":\"en-US\",\"@id\":\"https:\\\/\\\/magazin.tu-braunschweig.de\\\/event\\\/duett-felix-mayer-und-max-steckel\\\/#primaryimage\",\"url\":\"https:\\\/\\\/magazin.tu-braunschweig.de\\\/wp-content\\\/uploads\\\/2026\\\/09\\\/2026-09-01_6a96ab17cd99e_AuenansichtBeschriftung_VA-Kalender_final.jpg\",\"contentUrl\":\"https:\\\/\\\/magazin.tu-braunschweig.de\\\/wp-content\\\/uploads\\\/2026\\\/09\\\/2026-09-01_6a96ab17cd99e_AuenansichtBeschriftung_VA-Kalender_final.jpg\",\"width\":1920,\"height\":1280},{\"@type\":\"BreadcrumbList\",\"@id\":\"https:\\\/\\\/magazin.tu-braunschweig.de\\\/event\\\/duett-felix-mayer-und-max-steckel\\\/#breadcrumb\",\"itemListElement\":[{\"@type\":\"ListItem\",\"position\":1,\"name\":\"Startseite\",\"item\":\"https:\\\/\\\/magazin.tu-braunschweig.de\\\/en\\\/\"},{\"@type\":\"ListItem\",\"position\":2,\"name\":\"Veranstaltungen\",\"item\":\"https:\\\/\\\/magazin.tu-braunschweig.de\\\/event\\\/\"},{\"@type\":\"ListItem\",\"position\":3,\"name\":\"Duett: Felix Mayer und Max Steckel\"}]},{\"@type\":\"WebSite\",\"@id\":\"https:\\\/\\\/magazin.tu-braunschweig.de\\\/#website\",\"url\":\"https:\\\/\\\/magazin.tu-braunschweig.de\\\/\",\"name\":\"TU Braunschweig | Blogs\",\"description\":\"Die Blogs der Technischen Universit\u00e4t Braunschweig\",\"potentialAction\":[{\"@type\":\"SearchAction\",\"target\":{\"@type\":\"EntryPoint\",\"urlTemplate\":\"https:\\\/\\\/magazin.tu-braunschweig.de\\\/?s={search_term_string}\"},\"query-input\":{\"@type\":\"PropertyValueSpecification\",\"valueRequired\":true,\"valueName\":\"search_term_string\"}}],\"inLanguage\":\"en-US\"}]}<\/script>\n<!-- \/ Yoast SEO plugin. -->","yoast_head_json":{"title":"Duett: Felix Mayer und Max Steckel - TU Braunschweig | Blogs","description":"Im Duettformat des Science and Art Lab sprechen ein*e K\u00fcnstler*in und ein*e Wissenschaftler*in \u00fcber ihre Art zu forschen und denken \u00fcber Gemeinsamkeiten","robots":{"index":"index","follow":"follow","max-snippet":"max-snippet:-1","max-image-preview":"max-image-preview:large","max-video-preview":"max-video-preview:-1"},"canonical":"https:\/\/magazin.tu-braunschweig.de\/event\/duett-felix-mayer-und-max-steckel\/","og_locale":"en_US","og_type":"article","og_title":"Duett: Felix Mayer und Max Steckel - TU Braunschweig | Blogs","og_description":"Im Duettformat des Science and Art Lab sprechen ein*e K\u00fcnstler*in und ein*e Wissenschaftler*in \u00fcber ihre Art zu forschen und denken \u00fcber Gemeinsamkeiten","og_url":"https:\/\/magazin.tu-braunschweig.de\/event\/duett-felix-mayer-und-max-steckel\/","og_site_name":"TU Braunschweig | Blogs","og_image":[{"width":1920,"height":1280,"url":"https:\/\/magazin.tu-braunschweig.de\/wp-content\/uploads\/2026\/09\/2026-09-01_6a96ab17cd99e_AuenansichtBeschriftung_VA-Kalender_final.jpg","type":"image\/jpeg"}],"twitter_card":"summary_large_image","twitter_misc":{"Est. reading time":"1 minute"},"schema":{"@context":"https:\/\/schema.org","@graph":[{"@type":"WebPage","@id":"https:\/\/magazin.tu-braunschweig.de\/event\/duett-felix-mayer-und-max-steckel\/","url":"https:\/\/magazin.tu-braunschweig.de\/event\/duett-felix-mayer-und-max-steckel\/","name":"Duett: Felix Mayer und Max Steckel - TU Braunschweig | Blogs","isPartOf":{"@id":"https:\/\/magazin.tu-braunschweig.de\/#website"},"primaryImageOfPage":{"@id":"https:\/\/magazin.tu-braunschweig.de\/event\/duett-felix-mayer-und-max-steckel\/#primaryimage"},"image":{"@id":"https:\/\/magazin.tu-braunschweig.de\/event\/duett-felix-mayer-und-max-steckel\/#primaryimage"},"thumbnailUrl":"https:\/\/magazin.tu-braunschweig.de\/wp-content\/uploads\/2026\/09\/2026-09-01_6a96ab17cd99e_AuenansichtBeschriftung_VA-Kalender_final.jpg","datePublished":"2026-09-01T12:34:13+00:00","description":"Im Duettformat des Science and Art Lab sprechen ein*e K\u00fcnstler*in und ein*e Wissenschaftler*in \u00fcber ihre Art zu forschen und denken \u00fcber Gemeinsamkeiten","breadcrumb":{"@id":"https:\/\/magazin.tu-braunschweig.de\/event\/duett-felix-mayer-und-max-steckel\/#breadcrumb"},"inLanguage":"en-US","potentialAction":[{"@type":"ReadAction","target":["https:\/\/magazin.tu-braunschweig.de\/event\/duett-felix-mayer-und-max-steckel\/"]}]},{"@type":"ImageObject","inLanguage":"en-US","@id":"https:\/\/magazin.tu-braunschweig.de\/event\/duett-felix-mayer-und-max-steckel\/#primaryimage","url":"https:\/\/magazin.tu-braunschweig.de\/wp-content\/uploads\/2026\/09\/2026-09-01_6a96ab17cd99e_AuenansichtBeschriftung_VA-Kalender_final.jpg","contentUrl":"https:\/\/magazin.tu-braunschweig.de\/wp-content\/uploads\/2026\/09\/2026-09-01_6a96ab17cd99e_AuenansichtBeschriftung_VA-Kalender_final.jpg","width":1920,"height":1280},{"@type":"BreadcrumbList","@id":"https:\/\/magazin.tu-braunschweig.de\/event\/duett-felix-mayer-und-max-steckel\/#breadcrumb","itemListElement":[{"@type":"ListItem","position":1,"name":"Startseite","item":"https:\/\/magazin.tu-braunschweig.de\/en\/"},{"@type":"ListItem","position":2,"name":"Veranstaltungen","item":"https:\/\/magazin.tu-braunschweig.de\/event\/"},{"@type":"ListItem","position":3,"name":"Duett: Felix Mayer und Max Steckel"}]},{"@type":"WebSite","@id":"https:\/\/magazin.tu-braunschweig.de\/#website","url":"https:\/\/magazin.tu-braunschweig.de\/","name":"TU Braunschweig | Blogs","description":"Die Blogs der Technischen Universit\u00e4t Braunschweig","potentialAction":[{"@type":"SearchAction","target":{"@type":"EntryPoint","urlTemplate":"https:\/\/magazin.tu-braunschweig.de\/?s={search_term_string}"},"query-input":{"@type":"PropertyValueSpecification","valueRequired":true,"valueName":"search_term_string"}}],"inLanguage":"en-US"}]}},"_links":{"self":[{"href":"https:\/\/magazin.tu-braunschweig.de\/en\/wp-json\/wp\/v2\/kb_events\/84203","targetHints":{"allow":["GET"]}}],"collection":[{"href":"https:\/\/magazin.tu-braunschweig.de\/en\/wp-json\/wp\/v2\/kb_events"}],"about":[{"href":"https:\/\/magazin.tu-braunschweig.de\/en\/wp-json\/wp\/v2\/types\/kb_events"}],"wp:featuredmedia":[{"embeddable":true,"href":"https:\/\/magazin.tu-braunschweig.de\/en\/wp-json\/wp\/v2\/media\/84204"}],"wp:attachment":[{"href":"https:\/\/magazin.tu-braunschweig.de\/en\/wp-json\/wp\/v2\/media?parent=84203"}],"curies":[{"name":"wp","href":"https:\/\/api.w.org\/{rel}","templated":true}]}}

<p>Im Duettformat des Science and Art Lab sprechen ein*e Künstler*in und ein*e Wissenschaftler*in über ihre Art zu forschen und denken über Gemeinsamkeiten und Unterschiede nach.</p>
<p>Felix Mayer ist Posaunist und studiert in der Klasse von Jens Brand an der HBK Braunschweig. Ausgehend von Alltagsgegenständen und räumlichen Situationen entwickelt er ortsspezifische Arbeiten zwischen Klanginstallation, Hörspiel und Komposition. Oft arbeitet er mit Künstler*innen aus Literatur, Tanz und Performance zusammen.</p>
<p>Max Steckel studiert Wirtschaftsingenieurswesen Elektrotechnik an der TU Braunschweig. Er ist erweitertes Vorstandsmitglied der ExperimentalRaumfahrt-Interessen-Gemeinschaft e.V. (ERIG) und Projektleiter des jüngsten REXUS-Experiments MARTINI. MARTINI untersuchte die Viskosität von 3D-Druck-Resin (Kunstharz) unter Schwerelosigkeit während eines Fluges auf einer Höhenforschungsrakete.</p>

<!-- This site is optimized with the Yoast SEO plugin v28.4 - https://yoast.com/product/yoast-seo-wordpress/ -->
<title>Duett: Felix Mayer und Max Steckel - TU Braunschweig | Blogs</title>
<meta name="description" content="Im Duettformat des Science and Art Lab sprechen ein*e Künstler*in und ein*e Wissenschaftler*in über ihre Art zu forschen und denken über Gemeinsamkeiten" />
<meta name="robots" content="index, follow, max-snippet:-1, max-image-preview:large, max-video-preview:-1" />
<link rel="canonical" href="https://magazin.tu-braunschweig.de/event/duett-felix-mayer-und-max-steckel/" />
<meta property="og:locale" content="en_US" />
<meta property="og:type" content="article" />
<meta property="og:title" content="Duett: Felix Mayer und Max Steckel - TU Braunschweig | Blogs" />
<meta property="og:description" content="Im Duettformat des Science and Art Lab sprechen ein*e Künstler*in und ein*e Wissenschaftler*in über ihre Art zu forschen und denken über Gemeinsamkeiten" />
<meta property="og:url" content="https://magazin.tu-braunschweig.de/event/duett-felix-mayer-und-max-steckel/" />
<meta property="og:site_name" content="TU Braunschweig | Blogs" />
<meta property="og:image" content="https://magazin.tu-braunschweig.de/wp-content/uploads/2026/09/2026-09-01_6a96ab17cd99e_AuenansichtBeschriftung_VA-Kalender_final.jpg" />
	<meta property="og:image:width" content="1920" />
	<meta property="og:image:height" content="1280" />
	<meta property="og:image:type" content="image/jpeg" />
<meta name="twitter:card" content="summary_large_image" />
<meta name="twitter:label1" content="Est. reading time" />
	<meta name="twitter:data1" content="1 minute" />
<script type="application/ld+json" class="yoast-schema-graph">{"@context":"https:\/\/schema.org","@graph":[{"@type":"WebPage","@id":"https:\/\/magazin.tu-braunschweig.de\/event\/duett-felix-mayer-und-max-steckel\/","url":"https:\/\/magazin.tu-braunschweig.de\/event\/duett-felix-mayer-und-max-steckel\/","name":"Duett: Felix Mayer und Max Steckel - TU Braunschweig | Blogs","isPartOf":{"@id":"https:\/\/magazin.tu-braunschweig.de\/#website"},"primaryImageOfPage":{"@id":"https:\/\/magazin.tu-braunschweig.de\/event\/duett-felix-mayer-und-max-steckel\/#primaryimage"},"image":{"@id":"https:\/\/magazin.tu-braunschweig.de\/event\/duett-felix-mayer-und-max-steckel\/#primaryimage"},"thumbnailUrl":"https:\/\/magazin.tu-braunschweig.de\/wp-content\/uploads\/2026\/09\/2026-09-01_6a96ab17cd99e_AuenansichtBeschriftung_VA-Kalender_final.jpg","datePublished":"2026-09-01T12:34:13+00:00","description":"Im Duettformat des Science and Art Lab sprechen ein*e Künstler*in und ein*e Wissenschaftler*in über ihre Art zu forschen und denken über Gemeinsamkeiten","breadcrumb":{"@id":"https:\/\/magazin.tu-braunschweig.de\/event\/duett-felix-mayer-und-max-steckel\/#breadcrumb"},"inLanguage":"en-US","potentialAction":[{"@type":"ReadAction","target":["https:\/\/magazin.tu-braunschweig.de\/event\/duett-felix-mayer-und-max-steckel\/"]}]},{"@type":"ImageObject","inLanguage":"en-US","@id":"https:\/\/magazin.tu-braunschweig.de\/event\/duett-felix-mayer-und-max-steckel\/#primaryimage","url":"https:\/\/magazin.tu-braunschweig.de\/wp-content\/uploads\/2026\/09\/2026-09-01_6a96ab17cd99e_AuenansichtBeschriftung_VA-Kalender_final.jpg","contentUrl":"https:\/\/magazin.tu-braunschweig.de\/wp-content\/uploads\/2026\/09\/2026-09-01_6a96ab17cd99e_AuenansichtBeschriftung_VA-Kalender_final.jpg","width":1920,"height":1280},{"@type":"BreadcrumbList","@id":"https:\/\/magazin.tu-braunschweig.de\/event\/duett-felix-mayer-und-max-steckel\/#breadcrumb","itemListElement":[{"@type":"ListItem","position":1,"name":"Startseite","item":"https:\/\/magazin.tu-braunschweig.de\/en\/"},{"@type":"ListItem","position":2,"name":"Veranstaltungen","item":"https:\/\/magazin.tu-braunschweig.de\/event\/"},{"@type":"ListItem","position":3,"name":"Duett: Felix Mayer und Max Steckel"}]},{"@type":"WebSite","@id":"https:\/\/magazin.tu-braunschweig.de\/#website","url":"https:\/\/magazin.tu-braunschweig.de\/","name":"TU Braunschweig | Blogs","description":"Die Blogs der Technischen Universität Braunschweig","potentialAction":[{"@type":"SearchAction","target":{"@type":"EntryPoint","urlTemplate":"https:\/\/magazin.tu-braunschweig.de\/?s={search_term_string}"},"query-input":{"@type":"PropertyValueSpecification","valueRequired":true,"valueName":"search_term_string"}}],"inLanguage":"en-US"}]}</script>
<!-- / Yoast SEO plugin. -->

Im Duettformat des Science and Art Lab sprechen ein*e Künstler*in und ein*e Wissenschaftler*in über ihre Art zu forschen und denken über Gemeinsamkeiten

Die Blogs der Technischen Universität Braunschweig
