{"id":84137,"date":"2026-08-28T12:31:35","date_gmt":"2026-08-28T10:31:35","guid":{"rendered":"https:\/\/magazin.tu-braunschweig.de\/?post_type=kb_events&#038;p=84137"},"modified":"2026-08-28T12:31:35","modified_gmt":"2026-08-28T10:31:35","slug":"zur-woche-der-klimaanpassung-ein-quiz-picknick-zu-hitze-in-der-stadt","status":"publish","type":"kb_events","link":"https:\/\/magazin.tu-braunschweig.de\/en\/event\/zur-woche-der-klimaanpassung-ein-quiz-picknick-zu-hitze-in-der-stadt\/","title":{"rendered":"Zur Woche der Klimaanpassung: Ein Quiz-Picknick zu Hitze in der Stadt"},"content":{"rendered":"<p>Das OpenPlanning-Team des Klima.Zukunftslabors OpenCultures l\u00e4dt zum Picknick am Schilfgarten &#8211; Campus Nord &#8211; Bienroder Weg 85 ein. Der Prototyp eines Klimagartens wurde im Rahmen des Reallabors entwickelt und wird seit April 2026 im Klima.Zukunftslabor beforscht. Als gezielte Sofortma\u00dfnahme zeigt er praxisnah auf, wie durch naturbasierte Freiraumgestaltung und K\u00fchlelemente effektive Klimaanpassung im st\u00e4dtischen Raum gelingen kann. Im Rahmen der Woche der Klimaanpassung wird der Garten von Forscher*innen des Projekts vorgestellt. Bei Snacks und k\u00fchlen Getr\u00e4nken wir au\u00dferdem zu verschiedenen Themen der Klimaanpassung gequizzt und diskutiert. Die Veranstaltung ist offen f\u00fcr alle Interessierten.<\/p>\n","protected":false},"featured_media":84138,"template":"","meta":{"_acf_changed":false},"class_list":["post-84137","kb_events","type-kb_events","status-publish","has-post-thumbnail","hentry","kb_cat_events-event","kb_institution_events-institut-fuer-bauklimatik-und-energie-der-architektur","kb_institution_events-institut-fuer-geschichte-theorie-der-architektur-und-stadt","kb_location_events-campus-nord","kb_theme_events-nachhaltigkeit","kb_audience_events-fachpublikum","kb_audience_events-interessierte","kb_audience_events-lehrende","kb_audience_events-post-docs","kb_audience_events-professorinnen","kb_audience_events-promovierende","kb_audience_events-studierende","kb_audience_events-tu-intern","kb_audience_events-verwaltungskraefte","kb_groups_events-klima-zukunftslabor-opencultures"],"acf":[],"yoast_head":"<!-- This site is optimized with the Yoast SEO plugin v28.3 - https:\/\/yoast.com\/product\/yoast-seo-wordpress\/ -->\n<title>Zur Woche der Klimaanpassung: Ein Quiz-Picknick zu Hitze in der Stadt - TU Braunschweig | Blogs<\/title>\n<meta name=\"description\" content=\"Das OpenPlanning-Team des Klima.Zukunftslabors OpenCultures l\u00e4dt zum Picknick am Schilfgarten - Campus Nord - Bienroder Weg 85 ein. Der Prototyp eines\" \/>\n<meta name=\"robots\" content=\"index, follow, max-snippet:-1, max-image-preview:large, max-video-preview:-1\" \/>\n<link rel=\"canonical\" href=\"https:\/\/magazin.tu-braunschweig.de\/event\/zur-woche-der-klimaanpassung-ein-quiz-picknick-zu-hitze-in-der-stadt\/\" \/>\n<meta property=\"og:locale\" content=\"en_US\" \/>\n<meta property=\"og:type\" content=\"article\" \/>\n<meta property=\"og:title\" content=\"Zur Woche der Klimaanpassung: Ein Quiz-Picknick zu Hitze in der Stadt - TU Braunschweig | Blogs\" \/>\n<meta property=\"og:description\" content=\"Das OpenPlanning-Team des Klima.Zukunftslabors OpenCultures l\u00e4dt zum Picknick am Schilfgarten - Campus Nord - Bienroder Weg 85 ein. Der Prototyp eines\" \/>\n<meta property=\"og:url\" content=\"https:\/\/magazin.tu-braunschweig.de\/event\/zur-woche-der-klimaanpassung-ein-quiz-picknick-zu-hitze-in-der-stadt\/\" \/>\n<meta property=\"og:site_name\" content=\"TU Braunschweig | Blogs\" \/>\n<meta property=\"og:image\" content=\"https:\/\/magazin.tu-braunschweig.de\/wp-content\/uploads\/2026\/08\/2026-08-28_6a915951a2349_IMG_3483_klein.jpg\" \/>\n\t<meta property=\"og:image:width\" content=\"567\" \/>\n\t<meta property=\"og:image:height\" content=\"756\" \/>\n\t<meta property=\"og:image:type\" content=\"image\/jpeg\" \/>\n<meta name=\"twitter:card\" content=\"summary_large_image\" \/>\n<meta name=\"twitter:label1\" content=\"Est. reading time\" \/>\n\t<meta name=\"twitter:data1\" content=\"1 minute\" \/>\n<script type=\"application\/ld+json\" class=\"yoast-schema-graph\">{\"@context\":\"https:\\\/\\\/schema.org\",\"@graph\":[{\"@type\":\"WebPage\",\"@id\":\"https:\\\/\\\/magazin.tu-braunschweig.de\\\/event\\\/zur-woche-der-klimaanpassung-ein-quiz-picknick-zu-hitze-in-der-stadt\\\/\",\"url\":\"https:\\\/\\\/magazin.tu-braunschweig.de\\\/event\\\/zur-woche-der-klimaanpassung-ein-quiz-picknick-zu-hitze-in-der-stadt\\\/\",\"name\":\"Zur Woche der Klimaanpassung: Ein Quiz-Picknick zu Hitze in der Stadt - TU Braunschweig | Blogs\",\"isPartOf\":{\"@id\":\"https:\\\/\\\/magazin.tu-braunschweig.de\\\/#website\"},\"primaryImageOfPage\":{\"@id\":\"https:\\\/\\\/magazin.tu-braunschweig.de\\\/event\\\/zur-woche-der-klimaanpassung-ein-quiz-picknick-zu-hitze-in-der-stadt\\\/#primaryimage\"},\"image\":{\"@id\":\"https:\\\/\\\/magazin.tu-braunschweig.de\\\/event\\\/zur-woche-der-klimaanpassung-ein-quiz-picknick-zu-hitze-in-der-stadt\\\/#primaryimage\"},\"thumbnailUrl\":\"https:\\\/\\\/magazin.tu-braunschweig.de\\\/wp-content\\\/uploads\\\/2026\\\/08\\\/2026-08-28_6a915951a2349_IMG_3483_klein.jpg\",\"datePublished\":\"2026-08-28T10:31:35+00:00\",\"description\":\"Das OpenPlanning-Team des Klima.Zukunftslabors OpenCultures l\u00e4dt zum Picknick am Schilfgarten - Campus Nord - Bienroder Weg 85 ein. Der Prototyp eines\",\"breadcrumb\":{\"@id\":\"https:\\\/\\\/magazin.tu-braunschweig.de\\\/event\\\/zur-woche-der-klimaanpassung-ein-quiz-picknick-zu-hitze-in-der-stadt\\\/#breadcrumb\"},\"inLanguage\":\"en-US\",\"potentialAction\":[{\"@type\":\"ReadAction\",\"target\":[\"https:\\\/\\\/magazin.tu-braunschweig.de\\\/event\\\/zur-woche-der-klimaanpassung-ein-quiz-picknick-zu-hitze-in-der-stadt\\\/\"]}]},{\"@type\":\"ImageObject\",\"inLanguage\":\"en-US\",\"@id\":\"https:\\\/\\\/magazin.tu-braunschweig.de\\\/event\\\/zur-woche-der-klimaanpassung-ein-quiz-picknick-zu-hitze-in-der-stadt\\\/#primaryimage\",\"url\":\"https:\\\/\\\/magazin.tu-braunschweig.de\\\/wp-content\\\/uploads\\\/2026\\\/08\\\/2026-08-28_6a915951a2349_IMG_3483_klein.jpg\",\"contentUrl\":\"https:\\\/\\\/magazin.tu-braunschweig.de\\\/wp-content\\\/uploads\\\/2026\\\/08\\\/2026-08-28_6a915951a2349_IMG_3483_klein.jpg\",\"width\":567,\"height\":756},{\"@type\":\"BreadcrumbList\",\"@id\":\"https:\\\/\\\/magazin.tu-braunschweig.de\\\/event\\\/zur-woche-der-klimaanpassung-ein-quiz-picknick-zu-hitze-in-der-stadt\\\/#breadcrumb\",\"itemListElement\":[{\"@type\":\"ListItem\",\"position\":1,\"name\":\"Startseite\",\"item\":\"https:\\\/\\\/magazin.tu-braunschweig.de\\\/en\\\/\"},{\"@type\":\"ListItem\",\"position\":2,\"name\":\"Veranstaltungen\",\"item\":\"https:\\\/\\\/magazin.tu-braunschweig.de\\\/event\\\/\"},{\"@type\":\"ListItem\",\"position\":3,\"name\":\"Zur Woche der Klimaanpassung: Ein Quiz-Picknick zu Hitze in der Stadt\"}]},{\"@type\":\"WebSite\",\"@id\":\"https:\\\/\\\/magazin.tu-braunschweig.de\\\/#website\",\"url\":\"https:\\\/\\\/magazin.tu-braunschweig.de\\\/\",\"name\":\"TU Braunschweig | Blogs\",\"description\":\"Die Blogs der Technischen Universit\u00e4t Braunschweig\",\"potentialAction\":[{\"@type\":\"SearchAction\",\"target\":{\"@type\":\"EntryPoint\",\"urlTemplate\":\"https:\\\/\\\/magazin.tu-braunschweig.de\\\/?s={search_term_string}\"},\"query-input\":{\"@type\":\"PropertyValueSpecification\",\"valueRequired\":true,\"valueName\":\"search_term_string\"}}],\"inLanguage\":\"en-US\"}]}<\/script>\n<!-- \/ Yoast SEO plugin. -->","yoast_head_json":{"title":"Zur Woche der Klimaanpassung: Ein Quiz-Picknick zu Hitze in der Stadt - TU Braunschweig | Blogs","description":"Das OpenPlanning-Team des Klima.Zukunftslabors OpenCultures l\u00e4dt zum Picknick am Schilfgarten - Campus Nord - Bienroder Weg 85 ein. Der Prototyp eines","robots":{"index":"index","follow":"follow","max-snippet":"max-snippet:-1","max-image-preview":"max-image-preview:large","max-video-preview":"max-video-preview:-1"},"canonical":"https:\/\/magazin.tu-braunschweig.de\/event\/zur-woche-der-klimaanpassung-ein-quiz-picknick-zu-hitze-in-der-stadt\/","og_locale":"en_US","og_type":"article","og_title":"Zur Woche der Klimaanpassung: Ein Quiz-Picknick zu Hitze in der Stadt - TU Braunschweig | Blogs","og_description":"Das OpenPlanning-Team des Klima.Zukunftslabors OpenCultures l\u00e4dt zum Picknick am Schilfgarten - Campus Nord - Bienroder Weg 85 ein. Der Prototyp eines","og_url":"https:\/\/magazin.tu-braunschweig.de\/event\/zur-woche-der-klimaanpassung-ein-quiz-picknick-zu-hitze-in-der-stadt\/","og_site_name":"TU Braunschweig | Blogs","og_image":[{"width":567,"height":756,"url":"https:\/\/magazin.tu-braunschweig.de\/wp-content\/uploads\/2026\/08\/2026-08-28_6a915951a2349_IMG_3483_klein.jpg","type":"image\/jpeg"}],"twitter_card":"summary_large_image","twitter_misc":{"Est. reading time":"1 minute"},"schema":{"@context":"https:\/\/schema.org","@graph":[{"@type":"WebPage","@id":"https:\/\/magazin.tu-braunschweig.de\/event\/zur-woche-der-klimaanpassung-ein-quiz-picknick-zu-hitze-in-der-stadt\/","url":"https:\/\/magazin.tu-braunschweig.de\/event\/zur-woche-der-klimaanpassung-ein-quiz-picknick-zu-hitze-in-der-stadt\/","name":"Zur Woche der Klimaanpassung: Ein Quiz-Picknick zu Hitze in der Stadt - TU Braunschweig | Blogs","isPartOf":{"@id":"https:\/\/magazin.tu-braunschweig.de\/#website"},"primaryImageOfPage":{"@id":"https:\/\/magazin.tu-braunschweig.de\/event\/zur-woche-der-klimaanpassung-ein-quiz-picknick-zu-hitze-in-der-stadt\/#primaryimage"},"image":{"@id":"https:\/\/magazin.tu-braunschweig.de\/event\/zur-woche-der-klimaanpassung-ein-quiz-picknick-zu-hitze-in-der-stadt\/#primaryimage"},"thumbnailUrl":"https:\/\/magazin.tu-braunschweig.de\/wp-content\/uploads\/2026\/08\/2026-08-28_6a915951a2349_IMG_3483_klein.jpg","datePublished":"2026-08-28T10:31:35+00:00","description":"Das OpenPlanning-Team des Klima.Zukunftslabors OpenCultures l\u00e4dt zum Picknick am Schilfgarten - Campus Nord - Bienroder Weg 85 ein. Der Prototyp eines","breadcrumb":{"@id":"https:\/\/magazin.tu-braunschweig.de\/event\/zur-woche-der-klimaanpassung-ein-quiz-picknick-zu-hitze-in-der-stadt\/#breadcrumb"},"inLanguage":"en-US","potentialAction":[{"@type":"ReadAction","target":["https:\/\/magazin.tu-braunschweig.de\/event\/zur-woche-der-klimaanpassung-ein-quiz-picknick-zu-hitze-in-der-stadt\/"]}]},{"@type":"ImageObject","inLanguage":"en-US","@id":"https:\/\/magazin.tu-braunschweig.de\/event\/zur-woche-der-klimaanpassung-ein-quiz-picknick-zu-hitze-in-der-stadt\/#primaryimage","url":"https:\/\/magazin.tu-braunschweig.de\/wp-content\/uploads\/2026\/08\/2026-08-28_6a915951a2349_IMG_3483_klein.jpg","contentUrl":"https:\/\/magazin.tu-braunschweig.de\/wp-content\/uploads\/2026\/08\/2026-08-28_6a915951a2349_IMG_3483_klein.jpg","width":567,"height":756},{"@type":"BreadcrumbList","@id":"https:\/\/magazin.tu-braunschweig.de\/event\/zur-woche-der-klimaanpassung-ein-quiz-picknick-zu-hitze-in-der-stadt\/#breadcrumb","itemListElement":[{"@type":"ListItem","position":1,"name":"Startseite","item":"https:\/\/magazin.tu-braunschweig.de\/en\/"},{"@type":"ListItem","position":2,"name":"Veranstaltungen","item":"https:\/\/magazin.tu-braunschweig.de\/event\/"},{"@type":"ListItem","position":3,"name":"Zur Woche der Klimaanpassung: Ein Quiz-Picknick zu Hitze in der Stadt"}]},{"@type":"WebSite","@id":"https:\/\/magazin.tu-braunschweig.de\/#website","url":"https:\/\/magazin.tu-braunschweig.de\/","name":"TU Braunschweig | Blogs","description":"Die Blogs der Technischen Universit\u00e4t Braunschweig","potentialAction":[{"@type":"SearchAction","target":{"@type":"EntryPoint","urlTemplate":"https:\/\/magazin.tu-braunschweig.de\/?s={search_term_string}"},"query-input":{"@type":"PropertyValueSpecification","valueRequired":true,"valueName":"search_term_string"}}],"inLanguage":"en-US"}]}},"_links":{"self":[{"href":"https:\/\/magazin.tu-braunschweig.de\/en\/wp-json\/wp\/v2\/kb_events\/84137","targetHints":{"allow":["GET"]}}],"collection":[{"href":"https:\/\/magazin.tu-braunschweig.de\/en\/wp-json\/wp\/v2\/kb_events"}],"about":[{"href":"https:\/\/magazin.tu-braunschweig.de\/en\/wp-json\/wp\/v2\/types\/kb_events"}],"wp:featuredmedia":[{"embeddable":true,"href":"https:\/\/magazin.tu-braunschweig.de\/en\/wp-json\/wp\/v2\/media\/84138"}],"wp:attachment":[{"href":"https:\/\/magazin.tu-braunschweig.de\/en\/wp-json\/wp\/v2\/media?parent=84137"}],"curies":[{"name":"wp","href":"https:\/\/api.w.org\/{rel}","templated":true}]}}

<p>Das OpenPlanning-Team des Klima.Zukunftslabors OpenCultures lädt zum Picknick am Schilfgarten &#8211; Campus Nord &#8211; Bienroder Weg 85 ein. Der Prototyp eines Klimagartens wurde im Rahmen des Reallabors entwickelt und wird seit April 2026 im Klima.Zukunftslabor beforscht. Als gezielte Sofortmaßnahme zeigt er praxisnah auf, wie durch naturbasierte Freiraumgestaltung und Kühlelemente effektive Klimaanpassung im städtischen Raum gelingen kann. Im Rahmen der Woche der Klimaanpassung wird der Garten von Forscher*innen des Projekts vorgestellt. Bei Snacks und kühlen Getränken wir außerdem zu verschiedenen Themen der Klimaanpassung gequizzt und diskutiert. Die Veranstaltung ist offen für alle Interessierten.</p>

<!-- This site is optimized with the Yoast SEO plugin v28.3 - https://yoast.com/product/yoast-seo-wordpress/ -->
<title>Zur Woche der Klimaanpassung: Ein Quiz-Picknick zu Hitze in der Stadt - TU Braunschweig | Blogs</title>
<meta name="description" content="Das OpenPlanning-Team des Klima.Zukunftslabors OpenCultures lädt zum Picknick am Schilfgarten - Campus Nord - Bienroder Weg 85 ein. Der Prototyp eines" />
<meta name="robots" content="index, follow, max-snippet:-1, max-image-preview:large, max-video-preview:-1" />
<link rel="canonical" href="https://magazin.tu-braunschweig.de/event/zur-woche-der-klimaanpassung-ein-quiz-picknick-zu-hitze-in-der-stadt/" />
<meta property="og:locale" content="en_US" />
<meta property="og:type" content="article" />
<meta property="og:title" content="Zur Woche der Klimaanpassung: Ein Quiz-Picknick zu Hitze in der Stadt - TU Braunschweig | Blogs" />
<meta property="og:description" content="Das OpenPlanning-Team des Klima.Zukunftslabors OpenCultures lädt zum Picknick am Schilfgarten - Campus Nord - Bienroder Weg 85 ein. Der Prototyp eines" />
<meta property="og:url" content="https://magazin.tu-braunschweig.de/event/zur-woche-der-klimaanpassung-ein-quiz-picknick-zu-hitze-in-der-stadt/" />
<meta property="og:site_name" content="TU Braunschweig | Blogs" />
<meta property="og:image" content="https://magazin.tu-braunschweig.de/wp-content/uploads/2026/08/2026-08-28_6a915951a2349_IMG_3483_klein.jpg" />
	<meta property="og:image:width" content="567" />
	<meta property="og:image:height" content="756" />
	<meta property="og:image:type" content="image/jpeg" />
<meta name="twitter:card" content="summary_large_image" />
<meta name="twitter:label1" content="Est. reading time" />
	<meta name="twitter:data1" content="1 minute" />
<script type="application/ld+json" class="yoast-schema-graph">{"@context":"https:\/\/schema.org","@graph":[{"@type":"WebPage","@id":"https:\/\/magazin.tu-braunschweig.de\/event\/zur-woche-der-klimaanpassung-ein-quiz-picknick-zu-hitze-in-der-stadt\/","url":"https:\/\/magazin.tu-braunschweig.de\/event\/zur-woche-der-klimaanpassung-ein-quiz-picknick-zu-hitze-in-der-stadt\/","name":"Zur Woche der Klimaanpassung: Ein Quiz-Picknick zu Hitze in der Stadt - TU Braunschweig | Blogs","isPartOf":{"@id":"https:\/\/magazin.tu-braunschweig.de\/#website"},"primaryImageOfPage":{"@id":"https:\/\/magazin.tu-braunschweig.de\/event\/zur-woche-der-klimaanpassung-ein-quiz-picknick-zu-hitze-in-der-stadt\/#primaryimage"},"image":{"@id":"https:\/\/magazin.tu-braunschweig.de\/event\/zur-woche-der-klimaanpassung-ein-quiz-picknick-zu-hitze-in-der-stadt\/#primaryimage"},"thumbnailUrl":"https:\/\/magazin.tu-braunschweig.de\/wp-content\/uploads\/2026\/08\/2026-08-28_6a915951a2349_IMG_3483_klein.jpg","datePublished":"2026-08-28T10:31:35+00:00","description":"Das OpenPlanning-Team des Klima.Zukunftslabors OpenCultures lädt zum Picknick am Schilfgarten - Campus Nord - Bienroder Weg 85 ein. Der Prototyp eines","breadcrumb":{"@id":"https:\/\/magazin.tu-braunschweig.de\/event\/zur-woche-der-klimaanpassung-ein-quiz-picknick-zu-hitze-in-der-stadt\/#breadcrumb"},"inLanguage":"en-US","potentialAction":[{"@type":"ReadAction","target":["https:\/\/magazin.tu-braunschweig.de\/event\/zur-woche-der-klimaanpassung-ein-quiz-picknick-zu-hitze-in-der-stadt\/"]}]},{"@type":"ImageObject","inLanguage":"en-US","@id":"https:\/\/magazin.tu-braunschweig.de\/event\/zur-woche-der-klimaanpassung-ein-quiz-picknick-zu-hitze-in-der-stadt\/#primaryimage","url":"https:\/\/magazin.tu-braunschweig.de\/wp-content\/uploads\/2026\/08\/2026-08-28_6a915951a2349_IMG_3483_klein.jpg","contentUrl":"https:\/\/magazin.tu-braunschweig.de\/wp-content\/uploads\/2026\/08\/2026-08-28_6a915951a2349_IMG_3483_klein.jpg","width":567,"height":756},{"@type":"BreadcrumbList","@id":"https:\/\/magazin.tu-braunschweig.de\/event\/zur-woche-der-klimaanpassung-ein-quiz-picknick-zu-hitze-in-der-stadt\/#breadcrumb","itemListElement":[{"@type":"ListItem","position":1,"name":"Startseite","item":"https:\/\/magazin.tu-braunschweig.de\/en\/"},{"@type":"ListItem","position":2,"name":"Veranstaltungen","item":"https:\/\/magazin.tu-braunschweig.de\/event\/"},{"@type":"ListItem","position":3,"name":"Zur Woche der Klimaanpassung: Ein Quiz-Picknick zu Hitze in der Stadt"}]},{"@type":"WebSite","@id":"https:\/\/magazin.tu-braunschweig.de\/#website","url":"https:\/\/magazin.tu-braunschweig.de\/","name":"TU Braunschweig | Blogs","description":"Die Blogs der Technischen Universität Braunschweig","potentialAction":[{"@type":"SearchAction","target":{"@type":"EntryPoint","urlTemplate":"https:\/\/magazin.tu-braunschweig.de\/?s={search_term_string}"},"query-input":{"@type":"PropertyValueSpecification","valueRequired":true,"valueName":"search_term_string"}}],"inLanguage":"en-US"}]}</script>
<!-- / Yoast SEO plugin. -->

Das OpenPlanning-Team des Klima.Zukunftslabors OpenCultures lädt zum Picknick am Schilfgarten - Campus Nord - Bienroder Weg 85 ein. Der Prototyp eines

Die Blogs der Technischen Universität Braunschweig
