{"id":81303,"date":"2026-03-19T10:42:31","date_gmt":"2026-03-19T09:42:31","guid":{"rendered":"https:\/\/magazin.tu-braunschweig.de\/?post_type=kb_events&#038;p=81303"},"modified":"2026-08-11T12:59:55","modified_gmt":"2026-08-11T10:59:55","slug":"gesundheitswoche-2026","status":"publish","type":"kb_events","link":"https:\/\/magazin.tu-braunschweig.de\/en\/event\/gesundheitswoche-2026\/","title":{"rendered":"Gesundheitswoche an der TU Braunschweig"},"content":{"rendered":"<p>Vom 14. bis zum 18. September 2026 findet das dritte Jahr in Folge die Gesundheitswoche unter dem Motto #wellbeing@work&amp;study f\u00fcr alle Besch\u00e4ftigten und Studierenden der TU Braunschweig statt.<\/p>\n<p>Von Montag bis Freitag gibt es verschiedene Angebote zur Gesundheit: Von individuellen Gesundheitschecks, \u00fcber Bewegungsangebote bis hin zu thematisch vielf\u00e4ltigen Seminaren und Vortr\u00e4gen ist alles dabei. Das Herzst\u00fcck der Gesundheitswoche ist in diesem Jahr Mittwoch, der 16. September, der als Pr\u00e4senztag in der Aula des Haus der Wissenschaft stattfinden wird. Erfahren Sie in der Keynote von Prof. Dr. Christian Ebner Ursachen, Folgen und Wege zur Pr\u00e4vention von Workaholismus und gehen Sie mit Prof. Dr. Ann-Marie Nienaber in Diskussion \u00fcber Mut und Vertrauen in Organisationen. Zahlreiche Informations- und Beratungsst\u00e4nden stehen bereit f\u00fcr einen regen Austausch und Ihre Fragen.<\/p>\n<p>Unter folgendem Link Gesundheitswoche gelangen Sie zur Programm\u00fcbersicht und der Buchung:<\/p>\n<p><a href=\"https:\/\/www.tu-braunschweig.de\/zpe\/betriebliches-gesundheitsmanagement\/die-gesundheitswoche-2026\">https:\/\/www.tu-braunschweig.de\/zpe\/betriebliches-gesundheitsmanagement\/die-gesundheitswoche-2026<\/a><\/p>\n","protected":false},"featured_media":0,"template":"","meta":{"_acf_changed":false},"class_list":["post-81303","kb_events","type-kb_events","status-publish","hentry","kb_cat_events-geplante-grossveranstaltungen","kb_institution_events-zpe-betriebliches-gesundheitsmanagement-bgm","kb_audience_events-tu-intern"],"acf":[],"yoast_head":"<!-- This site is optimized with the Yoast SEO plugin v28.3 - https:\/\/yoast.com\/product\/yoast-seo-wordpress\/ -->\n<title>Gesundheitswoche an der TU Braunschweig - TU Braunschweig | Blogs<\/title>\n<meta name=\"description\" content=\"Vom 14. bis zum 18. September 2026 findet das dritte Jahr in Folge die Gesundheitswoche unter dem Motto #wellbeing@work&amp;study f\u00fcr alle Besch\u00e4ftigten\" \/>\n<meta name=\"robots\" content=\"index, follow, max-snippet:-1, max-image-preview:large, max-video-preview:-1\" \/>\n<link rel=\"canonical\" href=\"https:\/\/magazin.tu-braunschweig.de\/event\/gesundheitswoche-2026\/\" \/>\n<meta property=\"og:locale\" content=\"en_US\" \/>\n<meta property=\"og:type\" content=\"article\" \/>\n<meta property=\"og:title\" content=\"Gesundheitswoche an der TU Braunschweig - TU Braunschweig | Blogs\" \/>\n<meta property=\"og:description\" content=\"Vom 14. bis zum 18. September 2026 findet das dritte Jahr in Folge die Gesundheitswoche unter dem Motto #wellbeing@work&amp;study f\u00fcr alle Besch\u00e4ftigten\" \/>\n<meta property=\"og:url\" content=\"https:\/\/magazin.tu-braunschweig.de\/event\/gesundheitswoche-2026\/\" \/>\n<meta property=\"og:site_name\" content=\"TU Braunschweig | Blogs\" \/>\n<meta property=\"article:modified_time\" content=\"2026-08-11T10:59:55+00:00\" \/>\n<meta name=\"twitter:card\" content=\"summary_large_image\" \/>\n<meta name=\"twitter:label1\" content=\"Est. reading time\" \/>\n\t<meta name=\"twitter:data1\" content=\"1 minute\" \/>\n<script type=\"application\/ld+json\" class=\"yoast-schema-graph\">{\"@context\":\"https:\\\/\\\/schema.org\",\"@graph\":[{\"@type\":\"WebPage\",\"@id\":\"https:\\\/\\\/magazin.tu-braunschweig.de\\\/event\\\/gesundheitswoche-2026\\\/\",\"url\":\"https:\\\/\\\/magazin.tu-braunschweig.de\\\/event\\\/gesundheitswoche-2026\\\/\",\"name\":\"Gesundheitswoche an der TU Braunschweig - TU Braunschweig | Blogs\",\"isPartOf\":{\"@id\":\"https:\\\/\\\/magazin.tu-braunschweig.de\\\/#website\"},\"datePublished\":\"2026-03-19T09:42:31+00:00\",\"dateModified\":\"2026-08-11T10:59:55+00:00\",\"description\":\"Vom 14. bis zum 18. September 2026 findet das dritte Jahr in Folge die Gesundheitswoche unter dem Motto #wellbeing@work&amp;study f\u00fcr alle Besch\u00e4ftigten\",\"breadcrumb\":{\"@id\":\"https:\\\/\\\/magazin.tu-braunschweig.de\\\/event\\\/gesundheitswoche-2026\\\/#breadcrumb\"},\"inLanguage\":\"en-US\",\"potentialAction\":[{\"@type\":\"ReadAction\",\"target\":[\"https:\\\/\\\/magazin.tu-braunschweig.de\\\/event\\\/gesundheitswoche-2026\\\/\"]}]},{\"@type\":\"BreadcrumbList\",\"@id\":\"https:\\\/\\\/magazin.tu-braunschweig.de\\\/event\\\/gesundheitswoche-2026\\\/#breadcrumb\",\"itemListElement\":[{\"@type\":\"ListItem\",\"position\":1,\"name\":\"Startseite\",\"item\":\"https:\\\/\\\/magazin.tu-braunschweig.de\\\/en\\\/\"},{\"@type\":\"ListItem\",\"position\":2,\"name\":\"Veranstaltungen\",\"item\":\"https:\\\/\\\/magazin.tu-braunschweig.de\\\/event\\\/\"},{\"@type\":\"ListItem\",\"position\":3,\"name\":\"Gesundheitswoche an der TU Braunschweig\"}]},{\"@type\":\"WebSite\",\"@id\":\"https:\\\/\\\/magazin.tu-braunschweig.de\\\/#website\",\"url\":\"https:\\\/\\\/magazin.tu-braunschweig.de\\\/\",\"name\":\"TU Braunschweig | Blogs\",\"description\":\"Die Blogs der Technischen Universit\u00e4t Braunschweig\",\"potentialAction\":[{\"@type\":\"SearchAction\",\"target\":{\"@type\":\"EntryPoint\",\"urlTemplate\":\"https:\\\/\\\/magazin.tu-braunschweig.de\\\/?s={search_term_string}\"},\"query-input\":{\"@type\":\"PropertyValueSpecification\",\"valueRequired\":true,\"valueName\":\"search_term_string\"}}],\"inLanguage\":\"en-US\"}]}<\/script>\n<!-- \/ Yoast SEO plugin. -->","yoast_head_json":{"title":"Gesundheitswoche an der TU Braunschweig - TU Braunschweig | Blogs","description":"Vom 14. bis zum 18. September 2026 findet das dritte Jahr in Folge die Gesundheitswoche unter dem Motto #wellbeing@work&amp;study f\u00fcr alle Besch\u00e4ftigten","robots":{"index":"index","follow":"follow","max-snippet":"max-snippet:-1","max-image-preview":"max-image-preview:large","max-video-preview":"max-video-preview:-1"},"canonical":"https:\/\/magazin.tu-braunschweig.de\/event\/gesundheitswoche-2026\/","og_locale":"en_US","og_type":"article","og_title":"Gesundheitswoche an der TU Braunschweig - TU Braunschweig | Blogs","og_description":"Vom 14. bis zum 18. September 2026 findet das dritte Jahr in Folge die Gesundheitswoche unter dem Motto #wellbeing@work&amp;study f\u00fcr alle Besch\u00e4ftigten","og_url":"https:\/\/magazin.tu-braunschweig.de\/event\/gesundheitswoche-2026\/","og_site_name":"TU Braunschweig | Blogs","article_modified_time":"2026-08-11T10:59:55+00:00","twitter_card":"summary_large_image","twitter_misc":{"Est. reading time":"1 minute"},"schema":{"@context":"https:\/\/schema.org","@graph":[{"@type":"WebPage","@id":"https:\/\/magazin.tu-braunschweig.de\/event\/gesundheitswoche-2026\/","url":"https:\/\/magazin.tu-braunschweig.de\/event\/gesundheitswoche-2026\/","name":"Gesundheitswoche an der TU Braunschweig - TU Braunschweig | Blogs","isPartOf":{"@id":"https:\/\/magazin.tu-braunschweig.de\/#website"},"datePublished":"2026-03-19T09:42:31+00:00","dateModified":"2026-08-11T10:59:55+00:00","description":"Vom 14. bis zum 18. September 2026 findet das dritte Jahr in Folge die Gesundheitswoche unter dem Motto #wellbeing@work&amp;study f\u00fcr alle Besch\u00e4ftigten","breadcrumb":{"@id":"https:\/\/magazin.tu-braunschweig.de\/event\/gesundheitswoche-2026\/#breadcrumb"},"inLanguage":"en-US","potentialAction":[{"@type":"ReadAction","target":["https:\/\/magazin.tu-braunschweig.de\/event\/gesundheitswoche-2026\/"]}]},{"@type":"BreadcrumbList","@id":"https:\/\/magazin.tu-braunschweig.de\/event\/gesundheitswoche-2026\/#breadcrumb","itemListElement":[{"@type":"ListItem","position":1,"name":"Startseite","item":"https:\/\/magazin.tu-braunschweig.de\/en\/"},{"@type":"ListItem","position":2,"name":"Veranstaltungen","item":"https:\/\/magazin.tu-braunschweig.de\/event\/"},{"@type":"ListItem","position":3,"name":"Gesundheitswoche an der TU Braunschweig"}]},{"@type":"WebSite","@id":"https:\/\/magazin.tu-braunschweig.de\/#website","url":"https:\/\/magazin.tu-braunschweig.de\/","name":"TU Braunschweig | Blogs","description":"Die Blogs der Technischen Universit\u00e4t Braunschweig","potentialAction":[{"@type":"SearchAction","target":{"@type":"EntryPoint","urlTemplate":"https:\/\/magazin.tu-braunschweig.de\/?s={search_term_string}"},"query-input":{"@type":"PropertyValueSpecification","valueRequired":true,"valueName":"search_term_string"}}],"inLanguage":"en-US"}]}},"_links":{"self":[{"href":"https:\/\/magazin.tu-braunschweig.de\/en\/wp-json\/wp\/v2\/kb_events\/81303","targetHints":{"allow":["GET"]}}],"collection":[{"href":"https:\/\/magazin.tu-braunschweig.de\/en\/wp-json\/wp\/v2\/kb_events"}],"about":[{"href":"https:\/\/magazin.tu-braunschweig.de\/en\/wp-json\/wp\/v2\/types\/kb_events"}],"wp:attachment":[{"href":"https:\/\/magazin.tu-braunschweig.de\/en\/wp-json\/wp\/v2\/media?parent=81303"}],"curies":[{"name":"wp","href":"https:\/\/api.w.org\/{rel}","templated":true}]}}

<p>Vom 14. bis zum 18. September 2026 findet das dritte Jahr in Folge die Gesundheitswoche unter dem Motto #wellbeing@work&amp;study für alle Beschäftigten und Studierenden der TU Braunschweig statt.</p>
<p>Von Montag bis Freitag gibt es verschiedene Angebote zur Gesundheit: Von individuellen Gesundheitschecks, über Bewegungsangebote bis hin zu thematisch vielfältigen Seminaren und Vorträgen ist alles dabei. Das Herzstück der Gesundheitswoche ist in diesem Jahr Mittwoch, der 16. September, der als Präsenztag in der Aula des Haus der Wissenschaft stattfinden wird. Erfahren Sie in der Keynote von Prof. Dr. Christian Ebner Ursachen, Folgen und Wege zur Prävention von Workaholismus und gehen Sie mit Prof. Dr. Ann-Marie Nienaber in Diskussion über Mut und Vertrauen in Organisationen. Zahlreiche Informations- und Beratungsständen stehen bereit für einen regen Austausch und Ihre Fragen.</p>
<p>Unter folgendem Link Gesundheitswoche gelangen Sie zur Programmübersicht und der Buchung:</p>
<p><a href="https://www.tu-braunschweig.de/zpe/betriebliches-gesundheitsmanagement/die-gesundheitswoche-2026">https://www.tu-braunschweig.de/zpe/betriebliches-gesundheitsmanagement/die-gesundheitswoche-2026</a></p>

<!-- This site is optimized with the Yoast SEO plugin v28.3 - https://yoast.com/product/yoast-seo-wordpress/ -->
<title>Gesundheitswoche an der TU Braunschweig - TU Braunschweig | Blogs</title>
<meta name="description" content="Vom 14. bis zum 18. September 2026 findet das dritte Jahr in Folge die Gesundheitswoche unter dem Motto #wellbeing@work&amp;study für alle Beschäftigten" />
<meta name="robots" content="index, follow, max-snippet:-1, max-image-preview:large, max-video-preview:-1" />
<link rel="canonical" href="https://magazin.tu-braunschweig.de/event/gesundheitswoche-2026/" />
<meta property="og:locale" content="en_US" />
<meta property="og:type" content="article" />
<meta property="og:title" content="Gesundheitswoche an der TU Braunschweig - TU Braunschweig | Blogs" />
<meta property="og:description" content="Vom 14. bis zum 18. September 2026 findet das dritte Jahr in Folge die Gesundheitswoche unter dem Motto #wellbeing@work&amp;study für alle Beschäftigten" />
<meta property="og:url" content="https://magazin.tu-braunschweig.de/event/gesundheitswoche-2026/" />
<meta property="og:site_name" content="TU Braunschweig | Blogs" />
<meta property="article:modified_time" content="2026-08-11T10:59:55+00:00" />
<meta name="twitter:card" content="summary_large_image" />
<meta name="twitter:label1" content="Est. reading time" />
	<meta name="twitter:data1" content="1 minute" />
<script type="application/ld+json" class="yoast-schema-graph">{"@context":"https:\/\/schema.org","@graph":[{"@type":"WebPage","@id":"https:\/\/magazin.tu-braunschweig.de\/event\/gesundheitswoche-2026\/","url":"https:\/\/magazin.tu-braunschweig.de\/event\/gesundheitswoche-2026\/","name":"Gesundheitswoche an der TU Braunschweig - TU Braunschweig | Blogs","isPartOf":{"@id":"https:\/\/magazin.tu-braunschweig.de\/#website"},"datePublished":"2026-03-19T09:42:31+00:00","dateModified":"2026-08-11T10:59:55+00:00","description":"Vom 14. bis zum 18. September 2026 findet das dritte Jahr in Folge die Gesundheitswoche unter dem Motto #wellbeing@work&amp;study für alle Beschäftigten","breadcrumb":{"@id":"https:\/\/magazin.tu-braunschweig.de\/event\/gesundheitswoche-2026\/#breadcrumb"},"inLanguage":"en-US","potentialAction":[{"@type":"ReadAction","target":["https:\/\/magazin.tu-braunschweig.de\/event\/gesundheitswoche-2026\/"]}]},{"@type":"BreadcrumbList","@id":"https:\/\/magazin.tu-braunschweig.de\/event\/gesundheitswoche-2026\/#breadcrumb","itemListElement":[{"@type":"ListItem","position":1,"name":"Startseite","item":"https:\/\/magazin.tu-braunschweig.de\/en\/"},{"@type":"ListItem","position":2,"name":"Veranstaltungen","item":"https:\/\/magazin.tu-braunschweig.de\/event\/"},{"@type":"ListItem","position":3,"name":"Gesundheitswoche an der TU Braunschweig"}]},{"@type":"WebSite","@id":"https:\/\/magazin.tu-braunschweig.de\/#website","url":"https:\/\/magazin.tu-braunschweig.de\/","name":"TU Braunschweig | Blogs","description":"Die Blogs der Technischen Universität Braunschweig","potentialAction":[{"@type":"SearchAction","target":{"@type":"EntryPoint","urlTemplate":"https:\/\/magazin.tu-braunschweig.de\/?s={search_term_string}"},"query-input":{"@type":"PropertyValueSpecification","valueRequired":true,"valueName":"search_term_string"}}],"inLanguage":"en-US"}]}</script>
<!-- / Yoast SEO plugin. -->

Vom 14. bis zum 18. September 2026 findet das dritte Jahr in Folge die Gesundheitswoche unter dem Motto #wellbeing@work&amp;study für alle Beschäftigten

Die Blogs der Technischen Universität Braunschweig
